{"id":1779,"date":"2023-07-03T12:04:45","date_gmt":"2023-07-03T15:04:45","guid":{"rendered":"https:\/\/new.powerchina.com.br\/?page_id=1779"},"modified":"2024-09-23T12:22:02","modified_gmt":"2024-09-23T15:22:02","slug":"argentina","status":"publish","type":"page","link":"https:\/\/powerchina.com.br\/new\/pelo-mundo\/pelo-mundo-6\/argentina\/","title":{"rendered":"Argentina"},"content":{"rendered":"\t\t<div data-elementor-type=\"wp-page\" data-elementor-id=\"1779\" class=\"elementor elementor-1779\" data-elementor-post-type=\"page\">\n\t\t\t\t<div class=\"elementor-element elementor-element-dc80909 e-flex e-con-boxed e-con e-parent\" data-id=\"dc80909\" data-element_type=\"container\" data-settings=\"{&quot;background_background&quot;:&quot;classic&quot;}\">\n\t\t\t\t\t<div class=\"e-con-inner\">\n\t\t\t\t<div class=\"elementor-element elementor-element-0c343b5 elementor-widget elementor-widget-heading\" data-id=\"0c343b5\" data-element_type=\"widget\" data-widget_type=\"heading.default\">\n\t\t\t\t<div class=\"elementor-widget-container\">\n\t\t\t<style>\/*! elementor - v3.22.0 - 26-06-2024 *\/\n.elementor-heading-title{padding:0;margin:0;line-height:1}.elementor-widget-heading .elementor-heading-title[class*=elementor-size-]>a{color:inherit;font-size:inherit;line-height:inherit}.elementor-widget-heading .elementor-heading-title.elementor-size-small{font-size:15px}.elementor-widget-heading .elementor-heading-title.elementor-size-medium{font-size:19px}.elementor-widget-heading .elementor-heading-title.elementor-size-large{font-size:29px}.elementor-widget-heading .elementor-heading-title.elementor-size-xl{font-size:39px}.elementor-widget-heading .elementor-heading-title.elementor-size-xxl{font-size:59px}<\/style><h2 class=\"elementor-heading-title elementor-size-default\">Pelo mundo<\/h2>\t\t<\/div>\n\t\t\t\t<\/div>\n\t\t\t\t\t<\/div>\n\t\t\t\t<\/div>\n\t\t<div class=\"elementor-element elementor-element-b99261f e-grid e-con-boxed e-con e-parent\" data-id=\"b99261f\" data-element_type=\"container\" data-settings=\"{&quot;background_background&quot;:&quot;classic&quot;}\">\n\t\t\t\t\t<div class=\"e-con-inner\">\n\t\t<a class=\"elementor-element elementor-element-8eadfcf e-con-full e-flex e-con e-child\" data-id=\"8eadfcf\" data-element_type=\"container\" data-settings=\"{&quot;background_background&quot;:&quot;classic&quot;}\" href=\"https:\/\/powerchina.com.br\/new\/pelo-mundo\/pelo-mundo-1\/\">\n\t\t\t\t<div class=\"elementor-element elementor-element-2a2e4a3 elementor-widget elementor-widget-heading\" data-id=\"2a2e4a3\" data-element_type=\"widget\" data-widget_type=\"heading.default\">\n\t\t\t\t<div class=\"elementor-widget-container\">\n\t\t\t<span class=\"elementor-heading-title elementor-size-default\">\u00c1frica Oriental e Sul<\/span>\t\t<\/div>\n\t\t\t\t<\/div>\n\t\t\t\t<\/a>\n\t\t<a class=\"elementor-element elementor-element-8c26f85 e-con-full e-flex e-con e-child\" data-id=\"8c26f85\" data-element_type=\"container\" data-settings=\"{&quot;background_background&quot;:&quot;classic&quot;}\" href=\"https:\/\/powerchina.com.br\/new\/pelo-mundo\/pelo-mundo-2\/\">\n\t\t\t\t<div class=\"elementor-element elementor-element-29bcbd1 elementor-widget elementor-widget-heading\" data-id=\"29bcbd1\" data-element_type=\"widget\" data-widget_type=\"heading.default\">\n\t\t\t\t<div class=\"elementor-widget-container\">\n\t\t\t<span class=\"elementor-heading-title elementor-size-default\">Oeste e Centro da \u00c1frica<\/span>\t\t<\/div>\n\t\t\t\t<\/div>\n\t\t\t\t<\/a>\n\t\t<a class=\"elementor-element elementor-element-debd22f e-con-full e-flex e-con e-child\" data-id=\"debd22f\" data-element_type=\"container\" data-settings=\"{&quot;background_background&quot;:&quot;classic&quot;}\" href=\"https:\/\/powerchina.com.br\/new\/pelo-mundo\/pelo-mundo-3\/\">\n\t\t\t\t<div class=\"elementor-element elementor-element-ae167eb elementor-widget elementor-widget-heading\" data-id=\"ae167eb\" data-element_type=\"widget\" data-widget_type=\"heading.default\">\n\t\t\t\t<div class=\"elementor-widget-container\">\n\t\t\t<span class=\"elementor-heading-title elementor-size-default\">Oriente M\u00e9dio e Norte da \u00c1frica<\/span>\t\t<\/div>\n\t\t\t\t<\/div>\n\t\t\t\t<\/a>\n\t\t<a class=\"elementor-element elementor-element-05d70ae e-con-full e-flex e-con e-child\" data-id=\"05d70ae\" data-element_type=\"container\" data-settings=\"{&quot;background_background&quot;:&quot;classic&quot;}\" href=\"https:\/\/powerchina.com.br\/new\/pelo-mundo\/pelo-mundo-4\/\">\n\t\t\t\t<div class=\"elementor-element elementor-element-e1d45a9 elementor-widget elementor-widget-heading\" data-id=\"e1d45a9\" data-element_type=\"widget\" data-widget_type=\"heading.default\">\n\t\t\t\t<div class=\"elementor-widget-container\">\n\t\t\t<span class=\"elementor-heading-title elementor-size-default\">Eur\u00e1sia<\/span>\t\t<\/div>\n\t\t\t\t<\/div>\n\t\t\t\t<\/a>\n\t\t<a class=\"elementor-element elementor-element-76c26d2 e-con-full e-flex e-con e-child\" data-id=\"76c26d2\" data-element_type=\"container\" data-settings=\"{&quot;background_background&quot;:&quot;classic&quot;}\" href=\"https:\/\/powerchina.com.br\/new\/pelo-mundo\/pelo-mundo-5\/\">\n\t\t\t\t<div class=\"elementor-element elementor-element-95d74c0 elementor-widget elementor-widget-heading\" data-id=\"95d74c0\" data-element_type=\"widget\" data-widget_type=\"heading.default\">\n\t\t\t\t<div class=\"elementor-widget-container\">\n\t\t\t<span class=\"elementor-heading-title elementor-size-default\">\u00c1sia Oceano Pac\u00edfico<\/span>\t\t<\/div>\n\t\t\t\t<\/div>\n\t\t\t\t<\/a>\n\t\t<a class=\"elementor-element elementor-element-3f06a5b e-con-full e-flex e-con e-child\" data-id=\"3f06a5b\" data-element_type=\"container\" data-settings=\"{&quot;background_background&quot;:&quot;classic&quot;}\" href=\"https:\/\/powerchina.com.br\/new\/pelo-mundo\/pelo-mundo-6\/\">\n\t\t\t\t<div class=\"elementor-element elementor-element-41e81bd elementor-widget elementor-widget-heading\" data-id=\"41e81bd\" data-element_type=\"widget\" data-widget_type=\"heading.default\">\n\t\t\t\t<div class=\"elementor-widget-container\">\n\t\t\t<span class=\"elementor-heading-title elementor-size-default\">Am\u00e9ricas<\/span>\t\t<\/div>\n\t\t\t\t<\/div>\n\t\t\t\t<\/a>\n\t\t\t\t\t<\/div>\n\t\t\t\t<\/div>\n\t\t<div class=\"elementor-element elementor-element-fd40b39 e-flex e-con-boxed e-con e-parent\" data-id=\"fd40b39\" data-element_type=\"container\">\n\t\t\t\t\t<div class=\"e-con-inner\">\n\t\t\t\t<div class=\"elementor-element elementor-element-a3e3ea5 elementor-widget elementor-widget-heading\" data-id=\"a3e3ea5\" data-element_type=\"widget\" data-widget_type=\"heading.default\">\n\t\t\t\t<div class=\"elementor-widget-container\">\n\t\t\t<h3 class=\"elementor-heading-title elementor-size-default\">Argentina<\/h3>\t\t<\/div>\n\t\t\t\t<\/div>\n\t\t\t\t<div class=\"elementor-element elementor-element-f62e8b5 elementor-widget elementor-widget-text-editor\" data-id=\"f62e8b5\" data-element_type=\"widget\" data-widget_type=\"text-editor.default\">\n\t\t\t\t<div class=\"elementor-widget-container\">\n\t\t\t<style>\/*! elementor - v3.22.0 - 26-06-2024 *\/\n.elementor-widget-text-editor.elementor-drop-cap-view-stacked .elementor-drop-cap{background-color:#69727d;color:#fff}.elementor-widget-text-editor.elementor-drop-cap-view-framed .elementor-drop-cap{color:#69727d;border:3px solid;background-color:transparent}.elementor-widget-text-editor:not(.elementor-drop-cap-view-default) .elementor-drop-cap{margin-top:8px}.elementor-widget-text-editor:not(.elementor-drop-cap-view-default) .elementor-drop-cap-letter{width:1em;height:1em}.elementor-widget-text-editor .elementor-drop-cap{float:left;text-align:center;line-height:1;font-size:50px}.elementor-widget-text-editor .elementor-drop-cap-letter{display:inline-block}<\/style>\t\t\t\t<p>A POWERCHINA Argentina \u00e9 uma filial estabelecida pela POWERCHINA, que \u00e9 um dos maiores, mais fortes e influentes grupos na \u00e1rea de constru\u00e7\u00e3o de infraestrutura, conserva\u00e7\u00e3o de energia e \u00e1gua do mundo. A POWERCHINA ocupa a 100\u00aa posi\u00e7\u00e3o na Fortune Global 500 em 2022. Ela entrou no mercado argentino em 2011 e estabeleceu a POWERCHINA Sucursal Argentina em 2013. At\u00e9 agora, a POWERCHINA Sucursal Argentina assinou e construiu mais de 30 projetos com um valor total de mais de USD 5.000 milh\u00f5es nos setores de energia renov\u00e1vel, hidrel\u00e9trica, minera\u00e7\u00e3o, etc. Os projetos cobrem 9 prov\u00edncias da Argentina e criam mais de 15.000 empregos. A POWERCHINA realizou projetos de energia renov\u00e1vel com mais de 1 GW de eletricidade e \u00e9 a maior empreiteira desse setor na Argentina. O Parque Solar Cauchar\u00ed de 315 MW na prov\u00edncia de Jujuy,<\/p><p>A POWERCHINA Argentina cumpre ativamente suas responsabilidades sociais e tem feito continuamente doa\u00e7\u00f5es para muitas institui\u00e7\u00f5es na Argentina, contribuindo para o melhor desenvolvimento das rela\u00e7\u00f5es entre os dois pa\u00edses.<\/p><p>E-mail: argentina@powerchina-intl.com<\/p><h4>Principais Projetos:<\/h4><p>Hidro:<\/p><p>Projeto Hidroenerg\u00e9tico El Tambolar Multiuso<\/p><p><img fetchpriority=\"high\" decoding=\"async\" class=\"alignnone size-full wp-image-1780\" src=\"https:\/\/powerchina.com.br\/wp-content\/uploads\/2023\/07\/1667529159567037321.jpg\" sizes=\"(max-width: 800px) 100vw, 800px\" srcset=\"https:\/\/powerchina.com.br\/wp-content\/uploads\/2023\/07\/1667529159567037321.jpg 800w, https:\/\/powerchina.com.br\/wp-content\/uploads\/2023\/07\/1667529159567037321-300x168.jpg 300w, https:\/\/powerchina.com.br\/wp-content\/uploads\/2023\/07\/1667529159567037321-768x431.jpg 768w\" alt=\"\" width=\"800\" height=\"449\" \/><\/p><p>E\u00f3lico:<\/p><p>Projetos E\u00f3licos Helios<\/p><p><img decoding=\"async\" class=\"alignnone size-full wp-image-1781\" src=\"https:\/\/powerchina.com.br\/wp-content\/uploads\/2023\/07\/1667529202853085478.jpg\" sizes=\"(max-width: 800px) 100vw, 800px\" srcset=\"https:\/\/powerchina.com.br\/wp-content\/uploads\/2023\/07\/1667529202853085478.jpg 800w, https:\/\/powerchina.com.br\/wp-content\/uploads\/2023\/07\/1667529202853085478-300x225.jpg 300w, https:\/\/powerchina.com.br\/wp-content\/uploads\/2023\/07\/1667529202853085478-768x576.jpg 768w\" alt=\"\" width=\"800\" height=\"600\" \/><\/p><p>Solar:<\/p><p>Parque Solar Cafayate<\/p><p><img decoding=\"async\" class=\"alignnone wp-image-1782 size-full\" src=\"https:\/\/powerchina.com.br\/wp-content\/uploads\/2023\/07\/1667529231201036285.jpg\" sizes=\"(max-width: 800px) 100vw, 800px\" srcset=\"https:\/\/powerchina.com.br\/wp-content\/uploads\/2023\/07\/1667529231201036285.jpg 800w, https:\/\/powerchina.com.br\/wp-content\/uploads\/2023\/07\/1667529231201036285-300x200.jpg 300w, https:\/\/powerchina.com.br\/wp-content\/uploads\/2023\/07\/1667529231201036285-768x512.jpg 768w\" alt=\"\" width=\"800\" height=\"533\" \/><\/p><p>Parque Solar Cauchari<\/p><p><img loading=\"lazy\" decoding=\"async\" class=\"alignnone size-full wp-image-1783\" src=\"https:\/\/powerchina.com.br\/wp-content\/uploads\/2023\/07\/1667529258674098789.jpg\" sizes=\"(max-width: 800px) 100vw, 800px\" srcset=\"https:\/\/powerchina.com.br\/wp-content\/uploads\/2023\/07\/1667529258674098789.jpg 800w, https:\/\/powerchina.com.br\/wp-content\/uploads\/2023\/07\/1667529258674098789-300x225.jpg 300w, https:\/\/powerchina.com.br\/wp-content\/uploads\/2023\/07\/1667529258674098789-768x576.jpg 768w\" alt=\"\" width=\"800\" height=\"600\" \/><\/p><p>Projeto de Armazenamento Fotovoltaico e Gera\u00e7\u00e3o de Energia de L\u00edtio, Minera Argentina SA<\/p><p><img loading=\"lazy\" decoding=\"async\" class=\"alignnone size-full wp-image-1784\" src=\"https:\/\/powerchina.com.br\/wp-content\/uploads\/2023\/07\/1667529277867094950.jpg\" sizes=\"(max-width: 800px) 100vw, 800px\" srcset=\"https:\/\/powerchina.com.br\/wp-content\/uploads\/2023\/07\/1667529277867094950.jpg 800w, https:\/\/powerchina.com.br\/wp-content\/uploads\/2023\/07\/1667529277867094950-300x195.jpg 300w, https:\/\/powerchina.com.br\/wp-content\/uploads\/2023\/07\/1667529277867094950-768x499.jpg 768w\" alt=\"\" width=\"800\" height=\"520\" \/><\/p><p>Sistema de Energia do Projeto Liex Tr\u00eas Quebrada<\/p><p><img loading=\"lazy\" decoding=\"async\" class=\"alignnone size-full wp-image-1785\" src=\"https:\/\/powerchina.com.br\/wp-content\/uploads\/2023\/07\/1667529933082042028.jpg\" sizes=\"(max-width: 800px) 100vw, 800px\" srcset=\"https:\/\/powerchina.com.br\/wp-content\/uploads\/2023\/07\/1667529933082042028.jpg 800w, https:\/\/powerchina.com.br\/wp-content\/uploads\/2023\/07\/1667529933082042028-300x90.jpg 300w, https:\/\/powerchina.com.br\/wp-content\/uploads\/2023\/07\/1667529933082042028-768x230.jpg 768w\" alt=\"\" width=\"800\" height=\"240\" \/><\/p><p>Projetos Solares Cura Brochero e Villa Maria Del R\u00edo Seco<\/p><p><img loading=\"lazy\" decoding=\"async\" class=\"alignnone size-full wp-image-1786\" src=\"https:\/\/powerchina.com.br\/wp-content\/uploads\/2023\/07\/1667529295138002606.jpg\" sizes=\"(max-width: 800px) 100vw, 800px\" srcset=\"https:\/\/powerchina.com.br\/wp-content\/uploads\/2023\/07\/1667529295138002606.jpg 800w, https:\/\/powerchina.com.br\/wp-content\/uploads\/2023\/07\/1667529295138002606-300x169.jpg 300w, https:\/\/powerchina.com.br\/wp-content\/uploads\/2023\/07\/1667529295138002606-768x432.jpg 768w\" alt=\"\" width=\"800\" height=\"450\" \/><\/p><p>Parque Solar Tamberias e Diaguitas<\/p><p><img loading=\"lazy\" decoding=\"async\" class=\"alignnone size-full wp-image-1787\" src=\"https:\/\/powerchina.com.br\/wp-content\/uploads\/2023\/07\/1667529320006056540.jpg\" sizes=\"(max-width: 800px) 100vw, 800px\" srcset=\"https:\/\/powerchina.com.br\/wp-content\/uploads\/2023\/07\/1667529320006056540.jpg 800w, https:\/\/powerchina.com.br\/wp-content\/uploads\/2023\/07\/1667529320006056540-300x135.jpg 300w, https:\/\/powerchina.com.br\/wp-content\/uploads\/2023\/07\/1667529320006056540-768x346.jpg 768w\" alt=\"\" width=\"800\" height=\"360\" \/><\/p><p>Outro:<\/p><p>Projeto Centen\u00e1rio de L\u00edtio \u2013 Planta de Concreto e Fundi\u00e7\u00e3o de Estruturas em Planta de Processamento<\/p><p><img loading=\"lazy\" decoding=\"async\" class=\"alignnone size-full wp-image-1788\" src=\"https:\/\/powerchina.com.br\/wp-content\/uploads\/2023\/07\/1667529345595000115.jpg\" sizes=\"(max-width: 800px) 100vw, 800px\" srcset=\"https:\/\/powerchina.com.br\/wp-content\/uploads\/2023\/07\/1667529345595000115.jpg 800w, https:\/\/powerchina.com.br\/wp-content\/uploads\/2023\/07\/1667529345595000115-300x140.jpg 300w, https:\/\/powerchina.com.br\/wp-content\/uploads\/2023\/07\/1667529345595000115-768x358.jpg 768w\" alt=\"\" width=\"800\" height=\"373\" \/><\/p><p><img loading=\"lazy\" decoding=\"async\" class=\"alignnone size-full wp-image-1789\" src=\"https:\/\/powerchina.com.br\/wp-content\/uploads\/2023\/07\/1667529376247010613.jpg\" sizes=\"(max-width: 800px) 100vw, 800px\" srcset=\"https:\/\/powerchina.com.br\/wp-content\/uploads\/2023\/07\/1667529376247010613.jpg 800w, https:\/\/powerchina.com.br\/wp-content\/uploads\/2023\/07\/1667529376247010613-225x300.jpg 225w, https:\/\/powerchina.com.br\/wp-content\/uploads\/2023\/07\/1667529376247010613-768x1023.jpg 768w\" alt=\"\" width=\"800\" height=\"1066\" \/><\/p>\t\t\t\t\t\t<\/div>\n\t\t\t\t<\/div>\n\t\t\t\t\t<\/div>\n\t\t\t\t<\/div>\n\t\t\t\t<\/div>\n\t\t","protected":false},"excerpt":{"rendered":"<p>Pelo mundo \u00c1frica Oriental e Sul Oeste e Centro da \u00c1frica Oriente M\u00e9dio e Norte da \u00c1frica Eur\u00e1sia \u00c1sia Oceano Pac\u00edfico Am\u00e9ricas Argentina A POWERCHINA Argentina \u00e9 uma filial estabelecida pela POWERCHINA, que \u00e9 um dos maiores, mais fortes e influentes grupos na \u00e1rea de constru\u00e7\u00e3o de infraestrutura, conserva\u00e7\u00e3o de energia e \u00e1gua do mundo. [&hellip;]<\/p>\n","protected":false},"author":3,"featured_media":0,"parent":1856,"menu_order":0,"comment_status":"closed","ping_status":"closed","template":"elementor_header_footer","meta":{"footnotes":""},"_links":{"self":[{"href":"https:\/\/powerchina.com.br\/new\/wp-json\/wp\/v2\/pages\/1779"}],"collection":[{"href":"https:\/\/powerchina.com.br\/new\/wp-json\/wp\/v2\/pages"}],"about":[{"href":"https:\/\/powerchina.com.br\/new\/wp-json\/wp\/v2\/types\/page"}],"author":[{"embeddable":true,"href":"https:\/\/powerchina.com.br\/new\/wp-json\/wp\/v2\/users\/3"}],"replies":[{"embeddable":true,"href":"https:\/\/powerchina.com.br\/new\/wp-json\/wp\/v2\/comments?post=1779"}],"version-history":[{"count":8,"href":"https:\/\/powerchina.com.br\/new\/wp-json\/wp\/v2\/pages\/1779\/revisions"}],"predecessor-version":[{"id":3814,"href":"https:\/\/powerchina.com.br\/new\/wp-json\/wp\/v2\/pages\/1779\/revisions\/3814"}],"up":[{"embeddable":true,"href":"https:\/\/powerchina.com.br\/new\/wp-json\/wp\/v2\/pages\/1856"}],"wp:attachment":[{"href":"https:\/\/powerchina.com.br\/new\/wp-json\/wp\/v2\/media?parent=1779"}],"curies":[{"name":"wp","href":"https:\/\/api.w.org\/{rel}","templated":true}]}}